{"id":8,"date":"2015-05-25T17:07:24","date_gmt":"2015-05-25T17:07:24","guid":{"rendered":"http:\/\/demos.artbees.net\/jupiter5\/elara\/?page_id=8"},"modified":"2021-02-23T19:58:57","modified_gmt":"2021-02-23T19:58:57","slug":"arabia","status":"publish","type":"page","link":"https:\/\/Arabia155.fi\/index.php\/arabia\/","title":{"rendered":"ARABIA 155"},"content":{"rendered":"[mk_page_section bg_color=&#8221;#1a1a1a&#8221; min_height=&#8221;0&#8243; padding_top=&#8221;80&#8243; padding_bottom=&#8221;80&#8243; first_page=&#8221;false&#8221; last_page=&#8221;false&#8221; sidebar=&#8221;sidebar-1&#8243;][vc_column][mk_fancy_title color=&#8221;#ff6370&#8243; size=&#8221;48&#8243; txt_transform=&#8221;uppercase&#8221; letter_spacing=&#8221;8&#8243; margin_bottom=&#8221;18&#8243; font_family=&#8221;Josefin+Sans&#8221; font_type=&#8221;google&#8221; align=&#8221;center&#8221;]Tietoa Meist\u00e4[\/mk_fancy_title][vc_row_inner padding=&#8221;0&#8243;][vc_column_inner width=&#8221;1\/6&#8243;][\/vc_column_inner][vc_column_inner width=&#8221;2\/3&#8243;][vc_column_text align=&#8221;center&#8221;]\n<div style=\"font-size: 14px;\">Arabian Liiketalo Oy rakennettiin 50-luvun puolessa v\u00e4liss\u00e4 sodan j\u00e4lkeiseen&nbsp;tarpeeseen pienteollisuustaloksi. Yksi talon alullepanijoista oli&nbsp;kiinteist\u00f6neuvos Aron Livson. Arkkitehtuuritoimisto Lappi-Sepp\u00e4l\u00e4 ja Martas&nbsp;oli piirustusten takana. Talo rakennettiin kolmessa vaiheessa vuosien 1955-1958 aikana.<\/div>\n[\/vc_column_text][\/vc_column_inner][vc_column_inner width=&#8221;1\/6&#8243;][\/vc_column_inner][\/vc_row_inner][mk_padding_divider size=&#8221;100&#8243;][mk_image src=&#8221;http:\/\/arabia155.fi\/wp-content\/uploads\/2015\/05\/kuva1.jpg&#8221; image_width=&#8221;1140&#8243; image_height=&#8221;450&#8243; align=&#8221;center&#8221; crop=&#8221;true&#8221;][mk_padding_divider size=&#8221;80&#8243;][\/vc_column][\/mk_page_section][mk_page_section bg_image=&#8221;http:\/\/Arabia155.fi\/wp-content\/uploads\/2015\/05\/kuva4-1.jpg&#8221; bg_color=&#8221;#222222&#8243; attachment=&#8221;fixed&#8221; bg_position=&#8221;center center&#8221; bg_repeat=&#8221;no-repeat&#8221; bg_stretch=&#8221;true&#8221; video_mask=&#8221;true&#8221; video_color_mask=&#8221;#000000&#8243; video_opacity=&#8221;0.8&#8243; top_shadow=&#8221;true&#8221; min_height=&#8221;0&#8243; padding_top=&#8221;140&#8243; padding_bottom=&#8221;100&#8243; first_page=&#8221;false&#8221; last_page=&#8221;false&#8221; sidebar=&#8221;sidebar-1&#8243;][vc_column][mk_imagebox show_as=&#8221;column&#8221;][mk_imagebox_item item_image=&#8221;http:\/\/arabia155.fi\/wp-content\/uploads\/2015\/05\/kuva2-1.jpg&#8221; image_padding=&#8221;false&#8221; background_color=&#8221;#1a1a1a&#8221; item_title=&#8221;Historia&#8221; title_text_size=&#8221;24&#8243; title_font_weight=&#8221;bold&#8221; title_color=&#8221;#ffffff&#8221; btn_text=&#8221;Lis\u00e4\u00e4&#8221; btn_url=&#8221;http:\/\/arabia155.fi\/historia\/&#8221; btn_background_color=&#8221;#262626&#8243; btn_text_color=&#8221;#ffffff&#8221; btn_hover_background_color=&#8221;#333333&#8243;][\/mk_imagebox_item][mk_imagebox_item item_image=&#8221;http:\/\/arabia155.fi\/wp-content\/uploads\/2015\/05\/kuva3-1.jpg&#8221; image_padding=&#8221;false&#8221; background_color=&#8221;#1a1a1a&#8221; item_title=&#8221;NYKYAIKA&#8221; title_text_size=&#8221;24&#8243; title_font_weight=&#8221;bold&#8221; title_color=&#8221;#ffffff&#8221; btn_text=&#8221;Lis\u00e4\u00e4&#8221; btn_url=&#8221;http:\/\/arabia155.fi\/nykyaika\/&#8221; btn_background_color=&#8221;#262626&#8243; btn_text_color=&#8221;#ffffff&#8221; btn_hover_background_color=&#8221;#333333&#8243;][\/mk_imagebox_item][mk_imagebox_item item_image=&#8221;http:\/\/arabia155.fi\/wp-content\/uploads\/2015\/05\/kuva4-1.jpg&#8221; image_padding=&#8221;false&#8221; background_color=&#8221;#1a1a1a&#8221; item_title=&#8221;Yhteystiedot&#8221; title_text_size=&#8221;24&#8243; title_font_weight=&#8221;bold&#8221; title_color=&#8221;#ffffff&#8221; btn_text=&#8221;Lis\u00e4\u00e4 &#8221; btn_url=&#8221;http:\/\/arabia155.fi\/yhteystiedot\/&#8221; btn_background_color=&#8221;#262626&#8243; btn_text_color=&#8221;#ffffff&#8221; btn_hover_background_color=&#8221;#333333&#8243;][\/mk_imagebox_item][\/mk_imagebox][\/vc_column][\/mk_page_section][mk_page_section bg_color=&#8221;#111111&#8243; full_width=&#8221;true&#8221; first_page=&#8221;false&#8221; last_page=&#8221;false&#8221; sidebar=&#8221;sidebar-1&#8243;][vc_column][vc_row_inner padding=&#8221;0&#8243;][vc_column_inner width=&#8221;1\/6&#8243;][\/vc_column_inner][vc_column_inner width=&#8221;2\/3&#8243;][mk_image src=&#8221;http:\/\/arabia155.fi\/wp-content\/uploads\/2016\/04\/logo_footer-1.png&#8221; image_size=&#8221;full&#8221; align=&#8221;center&#8221;][mk_fancy_title color=&#8221;#888888&#8243; size=&#8221;16&#8243; txt_transform=&#8221;lowercase&#8221; margin_top=&#8221;10&#8243; margin_bottom=&#8221;0&#8243; font_family=&#8221;Lato&#8221; font_type=&#8221;google&#8221; align=&#8221;center&#8221; el_class=&#8221;footer-menu&#8221;]<a href=\"http:\/\/arabia155.fi\/\">etusivu<\/a> | <a href=\"http:\/\/arabia155.fi\/arabia\/\">arabia155<\/a> | <a href=\"http:\/\/arabia155.fi\/yritykset\/\">yritykset<\/a> | <a href=\"http:\/\/arabia155.fi\/yhteystiedot\/\">yhteystiedot<\/a>[\/mk_fancy_title][mk_fancy_title color=&#8221;#888888&#8243; size=&#8221;16&#8243; txt_transform=&#8221;capitalize&#8221; margin_top=&#8221;40&#8243; font_family=&#8221;Lato&#8221; font_type=&#8221;google&#8221; align=&#8221;center&#8221; el_class=&#8221;footer-menu&#8221;]H\u00e4meentie 155 | 00560 Helsinki | <a href=\"mailto:asiakaspalvelu@provia.fi\" target=\"_blank\" rel=\"noopener noreferrer\">asiakaspalvelu@provia.fi<\/a>&nbsp;| 010-4116700[\/mk_fancy_title][\/vc_column_inner][vc_column_inner width=&#8221;1\/6&#8243;][\/vc_column_inner][\/vc_row_inner][vc_column_text disable_pattern=&#8221;false&#8221; align=&#8221;center&#8221; margin_bottom=&#8221;40&#8243;]\n<div style=\"font-size: 12px; color: #888888;\">\u00a9 2016 nTec Finland Oy. All rights reserved.<\/div>\n[\/vc_column_text][\/vc_column][vc_column][\/vc_column][vc_column][\/vc_column][\/mk_page_section]\n","protected":false},"excerpt":{"rendered":"<p>[mk_page_section bg_color=&#8221;#1a1a1a&#8221; min_height=&#8221;0&#8243; padding_top=&#8221;80&#8243; padding_bottom=&#8221;80&#8243; first_page=&#8221;false&#8221; last_page=&#8221;false&#8221; sidebar=&#8221;sidebar-1&#8243;][vc_column][mk_fancy_title color=&#8221;#ff6370&#8243; size=&#8221;48&#8243; txt_transform=&#8221;uppercase&#8221; letter_spacing=&#8221;8&#8243; margin_bottom=&#8221;18&#8243; font_family=&#8221;Josefin+Sans&#8221; font_type=&#8221;google&#8221; align=&#8221;center&#8221;]Tietoa Meist\u00e4[\/mk_fancy_title][vc_row_inner padding=&#8221;0&#8243;][vc_column_inner width=&#8221;1\/6&#8243;][\/vc_column_inner][vc_column_inner width=&#8221;2\/3&#8243;][vc_column_text align=&#8221;center&#8221;] Arabian Liiketalo Oy rakennettiin 50-luvun puolessa v\u00e4liss\u00e4 sodan j\u00e4lkeiseen&nbsp;tarpeeseen pienteollisuustaloksi. Yksi talon alullepanijoista oli&nbsp;kiinteist\u00f6neuvos Aron Livson. Arkkitehtuuritoimisto Lappi-Sepp\u00e4l\u00e4 ja Martas&nbsp;oli piirustusten takana. Talo rakennettiin kolmessa vaiheessa vuosien 1955-1958 aikana. [\/vc_column_text][\/vc_column_inner][vc_column_inner width=&#8221;1\/6&#8243;][\/vc_column_inner][\/vc_row_inner][mk_padding_divider size=&#8221;100&#8243;][mk_image src=&#8221;http:\/\/arabia155.fi\/wp-content\/uploads\/2015\/05\/kuva1.jpg&#8221; image_width=&#8221;1140&#8243; [&hellip;]<\/p>\n","protected":false},"author":1,"featured_media":0,"parent":0,"menu_order":0,"comment_status":"open","ping_status":"open","template":"","meta":[],"_links":{"self":[{"href":"https:\/\/Arabia155.fi\/index.php\/wp-json\/wp\/v2\/pages\/8"}],"collection":[{"href":"https:\/\/Arabia155.fi\/index.php\/wp-json\/wp\/v2\/pages"}],"about":[{"href":"https:\/\/Arabia155.fi\/index.php\/wp-json\/wp\/v2\/types\/page"}],"author":[{"embeddable":true,"href":"https:\/\/Arabia155.fi\/index.php\/wp-json\/wp\/v2\/users\/1"}],"replies":[{"embeddable":true,"href":"https:\/\/Arabia155.fi\/index.php\/wp-json\/wp\/v2\/comments?post=8"}],"version-history":[{"count":18,"href":"https:\/\/Arabia155.fi\/index.php\/wp-json\/wp\/v2\/pages\/8\/revisions"}],"predecessor-version":[{"id":6079,"href":"https:\/\/Arabia155.fi\/index.php\/wp-json\/wp\/v2\/pages\/8\/revisions\/6079"}],"wp:attachment":[{"href":"https:\/\/Arabia155.fi\/index.php\/wp-json\/wp\/v2\/media?parent=8"}],"curies":[{"name":"wp","href":"https:\/\/api.w.org\/{rel}","templated":true}]}}