{"id":5,"date":"2015-05-25T17:05:59","date_gmt":"2015-05-25T17:05:59","guid":{"rendered":"http:\/\/demos.artbees.net\/jupiter5\/elara\/?page_id=5"},"modified":"2021-02-23T20:00:07","modified_gmt":"2021-02-23T20:00:07","slug":"home","status":"publish","type":"page","link":"https:\/\/Arabia155.fi\/index.php\/","title":{"rendered":"ETUSIVU"},"content":{"rendered":"[vc_row attached=&#8221;true&#8221; padding=&#8221;0&#8243;][vc_column width=&#8221;2\/3&#8243;][mk_image src=&#8221;http:\/\/arabia155.fi\/wp-content\/uploads\/2015\/05\/kuva1.jpg&#8221; image_width=&#8221;759&#8243; image_height=&#8221;425&#8243; margin_bottom=&#8221;0&#8243; crop=&#8221;true&#8221;][\/vc_column][vc_column width=&#8221;1\/3&#8243; css=&#8221;.vc_custom_1462879450527{padding-right: 30px !important;padding-left: 30px !important;}&#8221;][mk_padding_divider size=&#8221;120&#8243;][mk_fancy_title color=&#8221;#941c58&#8243; size=&#8221;42&#8243; font_family=&#8221;Josefin+Sans&#8221; font_type=&#8221;google&#8221; align=&#8221;center&#8221;]ARABIA 155<br \/>\n[\/mk_fancy_title][mk_padding_divider size=&#8221;60&#8243;][\/vc_column][\/vc_row][vc_row attached=&#8221;true&#8221; padding=&#8221;0&#8243;][vc_column width=&#8221;1\/3&#8243;][mk_imagebox show_as=&#8221;column&#8221; column=&#8221;1&#8243; padding=&#8221;0&#8243; el_class=&#8221;margin-bottom-zero&#8221;][mk_imagebox_item item_image=&#8221;http:\/\/arabia155.fi\/wp-content\/uploads\/2015\/05\/kuva2-1.jpg&#8221; image_padding=&#8221;false&#8221; title_text_size=&#8221;14&#8243; btn_text=&#8221;HISTORIA&#8221; btn_url=&#8221;http:\/\/arabia155.fi\/historia\/&#8221; btn_background_color=&#8221;#941c58&#8243; btn_text_color=&#8221;#ffffff&#8221; btn_hover_background_color=&#8221;#935478&#8243;][\/mk_imagebox_item][\/mk_imagebox][\/vc_column][vc_column width=&#8221;1\/3&#8243;][mk_imagebox show_as=&#8221;column&#8221; column=&#8221;1&#8243; padding=&#8221;0&#8243; el_class=&#8221;margin-bottom-zero&#8221;][mk_imagebox_item item_image=&#8221;http:\/\/arabia155.fi\/wp-content\/uploads\/2015\/05\/kuva3-1.jpg&#8221; image_padding=&#8221;false&#8221; title_text_size=&#8221;14&#8243; btn_text=&#8221;NYKYP\u00c4IV\u00c4&#8221; btn_url=&#8221;http:\/\/arabia155.fi\/nykyaika\/&#8221; btn_background_color=&#8221;#2b2b2b&#8221; btn_text_color=&#8221;#ffffff&#8221; btn_hover_background_color=&#8221;#935478&#8243;][\/mk_imagebox_item][\/mk_imagebox][\/vc_column][vc_column width=&#8221;1\/3&#8243;][mk_imagebox show_as=&#8221;column&#8221; column=&#8221;1&#8243; padding=&#8221;0&#8243; el_class=&#8221;margin-bottom-zero&#8221;][mk_imagebox_item item_image=&#8221;http:\/\/arabia155.fi\/wp-content\/uploads\/2015\/05\/kuva4-1.jpg&#8221; image_padding=&#8221;false&#8221; title_text_size=&#8221;14&#8243; btn_text=&#8221;Arabia 155&#8243; btn_url=&#8221;http:\/\/arabia155.fi\/arabia\/&#8221; btn_background_color=&#8221;#941c58&#8243; btn_text_color=&#8221;#ffffff&#8221; btn_hover_background_color=&#8221;#935478&#8243;][\/mk_imagebox_item][\/mk_imagebox][\/vc_column][\/vc_row][mk_page_section attachment=&#8221;fixed&#8221; bg_position=&#8221;center center&#8221; bg_repeat=&#8221;no-repeat&#8221; bg_stretch=&#8221;true&#8221; video_mask=&#8221;true&#8221; video_color_mask=&#8221;rgba(0,0,0,0.85)&#8221; min_height=&#8221;0&#8243; padding_top=&#8221;50&#8243; padding_bottom=&#8221;50&#8243; first_page=&#8221;false&#8221; last_page=&#8221;false&#8221; sidebar=&#8221;sidebar-1&#8243;][vc_column][mk_fancy_title color=&#8221;#ffffff&#8221; size=&#8221;48&#8243; txt_transform=&#8221;uppercase&#8221; letter_spacing=&#8221;8&#8243; margin_bottom=&#8221;18&#8243; font_family=&#8221;Josefin+Sans&#8221; font_type=&#8221;google&#8221; align=&#8221;center&#8221;]ARABIA 155[\/mk_fancy_title][vc_row_inner padding=&#8221;0&#8243;][vc_column_inner width=&#8221;1\/6&#8243;][\/vc_column_inner][vc_column_inner width=&#8221;2\/3&#8243;][vc_column_text]Arabian Liiketalo Oy rakennettiin 50-luvun puolessa v\u00e4liss\u00e4 sodan j\u00e4lkeiseen\u00a0tarpeeseen pienteollisuustaloksi. Yksi talon alullepanijoista oli\u00a0kiinteist\u00f6neuvos Aron Livson. Arkkitehtuuritoimisto Lappi-Sepp\u00e4l\u00e4 ja Martas\u00a0oli piirustusten takana. Talo rakennettiin kolmessa vaiheessa vuosien 1955-1958 aikana.[\/vc_column_text][\/vc_column_inner][vc_column_inner width=&#8221;1\/6&#8243;][\/vc_column_inner][\/vc_row_inner][vc_row_inner][vc_column_inner width=&#8221;1\/4&#8243;][\/vc_column_inner][vc_column_inner width=&#8221;1\/4&#8243;][mk_button size=&#8221;medium&#8221; url=&#8221;http:\/\/arabia155.fi\/yritykset\/&#8221; align=&#8221;center&#8221; bg_color=&#8221;#941c58&#8243;]HAKU AAKKOSITTAIN[\/mk_button][\/vc_column_inner][vc_column_inner width=&#8221;1\/4&#8243;][mk_button size=&#8221;medium&#8221; url=&#8221;http:\/\/arabia155.fi\/yritykset\/&#8221; align=&#8221;center&#8221; bg_color=&#8221;#717171&#8243;]HAKU TOIMIALOITTAIN[\/mk_button][\/vc_column_inner][vc_column_inner width=&#8221;1\/4&#8243;][\/vc_column_inner][\/vc_row_inner][\/vc_column][\/mk_page_section][mk_page_section bg_color=&#8221;#111111&#8243; full_width=&#8221;true&#8221; first_page=&#8221;false&#8221; last_page=&#8221;false&#8221; sidebar=&#8221;sidebar-1&#8243;][vc_column][vc_row_inner padding=&#8221;0&#8243;][vc_column_inner width=&#8221;1\/6&#8243;][\/vc_column_inner][vc_column_inner width=&#8221;2\/3&#8243;][mk_image src=&#8221;http:\/\/arabia155.fi\/wp-content\/uploads\/2016\/04\/logo_footer-1.png&#8221; image_size=&#8221;full&#8221; align=&#8221;center&#8221;][mk_fancy_title color=&#8221;#888888&#8243; size=&#8221;16&#8243; txt_transform=&#8221;lowercase&#8221; margin_top=&#8221;10&#8243; margin_bottom=&#8221;0&#8243; font_family=&#8221;Lato&#8221; font_type=&#8221;google&#8221; align=&#8221;center&#8221; el_class=&#8221;footer-menu&#8221;]<a href=\"http:\/\/arabia155.fi\/\">etusivu<\/a> | <a href=\"http:\/\/arabia155.fi\/arabia\/\">arabia155<\/a> | <a href=\"http:\/\/arabia155.fi\/yritykset\/\">yritykset<\/a> | <a href=\"http:\/\/arabia155.fi\/yhteystiedot\/\">yhteystiedot<\/a>[\/mk_fancy_title][mk_fancy_title color=&#8221;#888888&#8243; size=&#8221;16&#8243; margin_top=&#8221;40&#8243; font_family=&#8221;Lato&#8221; font_type=&#8221;google&#8221; align=&#8221;center&#8221; el_class=&#8221;footer-menu&#8221;]H\u00e4meentie 155 | 00560 Helsinki | <a href=\"mailto:asiakaspalvelu@provia.fi\" target=\"_blank\" rel=\"noopener noreferrer\">asiakaspalvelu@provia.fi<\/a> | 010-4116700[\/mk_fancy_title][\/vc_column_inner][vc_column_inner width=&#8221;1\/6&#8243;][\/vc_column_inner][\/vc_row_inner][vc_column_text disable_pattern=&#8221;false&#8221; align=&#8221;center&#8221; margin_bottom=&#8221;40&#8243;]\n<p>\u00a9 2016 nTec Finland Oy. All rights reserved.<br \/>\n[\/vc_column_text][\/vc_column][vc_column][\/vc_column][vc_column][\/vc_column][\/mk_page_section]\n","protected":false},"excerpt":{"rendered":"<p>[vc_row attached=&#8221;true&#8221; padding=&#8221;0&#8243;][vc_column width=&#8221;2\/3&#8243;][mk_image src=&#8221;http:\/\/arabia155.fi\/wp-content\/uploads\/2015\/05\/kuva1.jpg&#8221; image_width=&#8221;759&#8243; image_height=&#8221;425&#8243; margin_bottom=&#8221;0&#8243; crop=&#8221;true&#8221;][\/vc_column][vc_column width=&#8221;1\/3&#8243; css=&#8221;.vc_custom_1462879450527{padding-right: 30px !important;padding-left: 30px !important;}&#8221;][mk_padding_divider size=&#8221;120&#8243;][mk_fancy_title color=&#8221;#941c58&#8243; size=&#8221;42&#8243; font_family=&#8221;Josefin+Sans&#8221; font_type=&#8221;google&#8221; align=&#8221;center&#8221;]ARABIA 155 [\/mk_fancy_title][mk_padding_divider size=&#8221;60&#8243;][\/vc_column][\/vc_row][vc_row attached=&#8221;true&#8221; padding=&#8221;0&#8243;][vc_column width=&#8221;1\/3&#8243;][mk_imagebox show_as=&#8221;column&#8221; column=&#8221;1&#8243; padding=&#8221;0&#8243; el_class=&#8221;margin-bottom-zero&#8221;][mk_imagebox_item item_image=&#8221;http:\/\/arabia155.fi\/wp-content\/uploads\/2015\/05\/kuva2-1.jpg&#8221; image_padding=&#8221;false&#8221; title_text_size=&#8221;14&#8243; btn_text=&#8221;HISTORIA&#8221; btn_url=&#8221;http:\/\/arabia155.fi\/historia\/&#8221; btn_background_color=&#8221;#941c58&#8243; btn_text_color=&#8221;#ffffff&#8221; btn_hover_background_color=&#8221;#935478&#8243;][\/mk_imagebox_item][\/mk_imagebox][\/vc_column][vc_column width=&#8221;1\/3&#8243;][mk_imagebox show_as=&#8221;column&#8221; column=&#8221;1&#8243; padding=&#8221;0&#8243; el_class=&#8221;margin-bottom-zero&#8221;][mk_imagebox_item item_image=&#8221;http:\/\/arabia155.fi\/wp-content\/uploads\/2015\/05\/kuva3-1.jpg&#8221; image_padding=&#8221;false&#8221; title_text_size=&#8221;14&#8243; btn_text=&#8221;NYKYP\u00c4IV\u00c4&#8221; btn_url=&#8221;http:\/\/arabia155.fi\/nykyaika\/&#8221; btn_background_color=&#8221;#2b2b2b&#8221; btn_text_color=&#8221;#ffffff&#8221; btn_hover_background_color=&#8221;#935478&#8243;][\/mk_imagebox_item][\/mk_imagebox][\/vc_column][vc_column width=&#8221;1\/3&#8243;][mk_imagebox show_as=&#8221;column&#8221; column=&#8221;1&#8243; [&hellip;]<\/p>\n","protected":false},"author":1,"featured_media":0,"parent":0,"menu_order":0,"comment_status":"open","ping_status":"open","template":"","meta":[],"_links":{"self":[{"href":"https:\/\/Arabia155.fi\/index.php\/wp-json\/wp\/v2\/pages\/5"}],"collection":[{"href":"https:\/\/Arabia155.fi\/index.php\/wp-json\/wp\/v2\/pages"}],"about":[{"href":"https:\/\/Arabia155.fi\/index.php\/wp-json\/wp\/v2\/types\/page"}],"author":[{"embeddable":true,"href":"https:\/\/Arabia155.fi\/index.php\/wp-json\/wp\/v2\/users\/1"}],"replies":[{"embeddable":true,"href":"https:\/\/Arabia155.fi\/index.php\/wp-json\/wp\/v2\/comments?post=5"}],"version-history":[{"count":48,"href":"https:\/\/Arabia155.fi\/index.php\/wp-json\/wp\/v2\/pages\/5\/revisions"}],"predecessor-version":[{"id":6080,"href":"https:\/\/Arabia155.fi\/index.php\/wp-json\/wp\/v2\/pages\/5\/revisions\/6080"}],"wp:attachment":[{"href":"https:\/\/Arabia155.fi\/index.php\/wp-json\/wp\/v2\/media?parent=5"}],"curies":[{"name":"wp","href":"https:\/\/api.w.org\/{rel}","templated":true}]}}